List the prime factors of d.
47
Let a(l) = -l**3 + 37*l**2 - 23*l - 47. List the prime factors of a(34).
7, 13, 29
Let b = -8576 - -12642. What are the prime factors of b?
2, 19, 107
Let a = 80 + -78. Suppose -5*z + a*o + 477 = 0, -8*z + 392 = -4*z + o. List the prime factors of z.
97
Suppose 1 - 6 = -5*h, 1471 = 4*u - 5*h. Let q = u + -185. List the prime factors of q.
2, 23
Suppose 0 = -t - 3*t + 24. Suppose u + 245 = t*u. What are the prime factors of u?
7
Suppose -1 = -i - 5*r + 3*r, 0 = -5*i - 5*r + 10. Let w(a) = -5*a + a**2 + i*a - 3 - 1 + 0*a**2. List the prime factors of w(-4).
2, 5
Let a = 9 - 13. What are the prime factors of 96 - ((a - -4) + 0)?
2, 3
Let u = 974 - 430. List the prime factors of u.
2, 17
Suppose -5*r = -4*u - 20, -3*u = -r - 2*r + 15. Suppose -3*m + 484 = m. Suppose r = s + 4, 2*v - m = -3*v + 4*s. List the prime factors of v.
3, 7
Suppose -13361 = -5*l - 2*y, -5*y + 1648 - 6975 = -2*l. What are the prime factors of l?
2671
Let j = 112 + -108. Let t = 67 - j. What are the prime factors of t?
3, 7
Suppose -11 = -5*g + 19. Let a be 8*-1*(-3)/g. Suppose 0*s + a*s = 200. List the prime factors of s.
2, 5
Let n be 1 + 0 + (-23 - -647). Suppose n - 2660 = -11*x. What are the prime factors of x?
5, 37
Let a(d) = 8*d**2 + 17*d - 9. Suppose -z = 22 - 16. List the prime factors of a(z).
3, 59
Let w = -13 + 2. Let g be (2 + (-308)/(-7))/(2*-1). Let z = w - g. What are the prime factors of z?
2, 3
Suppose -1549 = -4*s + 3*g, -5*s + 1510 = 5*g - 400. What are the prime factors of s?
5, 7, 11
Suppose 0 = 2*m + 5*x - 572, -m - 14*x + 13*x = -286. List the prime factors of m.
2, 11, 13
Let o(g) = -7*g - 23. List the prime factors of o(-7).
2, 13
Let m be (-1 - (2 - 3))/((-1)/1). Let y(w) = -w**3 - w**2 + 2*w + 37. What are the prime factors of y(m)?
37
Let s be 66*(-7)/((-42)/27). Suppose 10*h = 13*h - s. What are the prime factors of h?
3, 11
Let u(k) = k**3 - 13*k**2 + 17*k - 17. Let p be u(12). Let i be (1/3)/(1/57). Let t = p - i. List the prime factors of t.
2, 3
Let w = 141 + -151. List the prime factors of (-10)/25 - (-1 - (-2754)/w).
2, 3, 23
Let c(p) = p + 22. Let b be c(-9). Suppose -z = m - b, -3*z - 85 = -8*z - m. What are the prime factors of (-60)/z*(-66)/5?
2, 11
Suppose 2*a + 914 = 2*v, -3*a = 2*a - 20. Suppose -3*t = 2*m - 240, 3*m = 5*t - v + 42. List the prime factors of t.
2, 41
Let i = 4813 + -2788. What are the prime factors of i?
3, 5
Let v(x) = x - 2. Let s be v(-7). Let u be 80/12*s/(-5). Suppose -u = -b + 23. List the prime factors of b.
5, 7
Let l(p) = -2*p + 22. Let j(m) = -m**2 - 9*m + 13. Let c be j(-10). Let z(w) = -6*w + 67. Let g(u) = c*z(u) - 8*l(u). List the prime factors of g(-14).
53
Let x(s) = s**3 + 15*s**2 - 2*s - 22. List the prime factors of x(-12).
2, 7, 31
Let f = -109 + 210. Let y = 110 + -107. Suppose f = y*l + 23. What are the prime factors of l?
2, 13
Suppose 59*z = 23*z + 57096. What are the prime factors of z?
2, 13, 61
Let x = 559 + 609. List the prime factors of x.
2, 73
List the prime factors of ((-730)/5)/(18/(-63)).
7, 73
Suppose -4*f - 2*s = -10518, -6*f - s = -5*f - 2628. List the prime factors of f.
3, 877
Suppose -v - 14 = -4. What are the prime factors of v/(-60) + ((-1959)/(-18) - -1)?
2, 5, 11
Let c(z) = -z**3 - 4*z**2 - 2*z - 2. Let q be c(-4). Let u = q + -2. Suppose u*g - 22 = -2*y, 4*y - 5 - 34 = -3*g. List the prime factors of y.
3
Suppose -1059 = -4*v - 3*q, -5*v + 263 + 1056 = -q. List the prime factors of v.
2, 3, 11
Let z(o) = o + 10. Let n be z(-5). Suppose -3*d = -1 - n. Suppose d*m = -m + 66. What are the prime factors of m?
2, 11
Suppose 0 = -3*o + 1066 + 185. Let w = o + -289. Suppose -w = -8*i + 4*i. What are the prime factors of i?
2
Let h = -500 - -826. List the prime factors of h.
2, 163
Suppose -43*c = -5729 - 97256. List the prime factors of c.
5, 479
Suppose -2*v + 15 - 5 = 0. Suppose f + 3 - 35 = 0. Suppose v*r - 40 = -s, 0*s + 3*r - f = -s. List the prime factors of s.
2, 5
Let v be (-7)/42 - 17/6. Let f = v - -54. List the prime factors of f.
3, 17
Let v = -1151 + 3345. List the prime factors of v.
2, 1097
Let a(v) = -v**2 + 5*v - 1. Let u(d) = -3*d**2 + 14*d - 2. Let f(k) = 17*a(k) - 6*u(k). What are the prime factors of f(-6)?
5
Let p(d) = -d - 29. Let n be p(-29). Suppose n = -2*r - 5*r + 1477. What are the prime factors of r?
211
What are the prime factors of (-260940)/(-45) - (-4)/12?
3, 1933
Suppose 70 = 4*a - 66. Let l = 53 - a. List the prime factors of l.
19
Suppose 0 = -6*i + 113 + 187. What are the prime factors of i?
2, 5
Let n(q) = -2*q**3 + 5 + 3*q + 3*q**3 + 7*q**2 - 2*q**3. Let p be n(7). Let a = 37 - p. What are the prime factors of a?
11
Let w = 1224 + -403. What are the prime factors of w?
821
Let f(g) = -229*g - 135. List the prime factors of f(-2).
17, 19
What are the prime factors of 3*1115/5 + -3?
2, 3, 37
Let c(h) = h**3 + 20*h + 7. Let w be c(10). Suppose -4*u + z = -w, -2*z - 1206 = -4*u - 0*z. List the prime factors of u.
2, 151
Let h = 199 + -117. Suppose -2*r + 431 = 5*k, -2*k + h = -k - r. List the prime factors of k.
5, 17
Let l = -13 + 20. Suppose l*q = 363 + 15. What are the prime factors of q?
2, 3
List the prime factors of (1644/10)/(18/45).
3, 137
Let v(r) = r**2 - 8*r - 26. Let l(a) = -2*a**2 + 17*a + 53. Let n(b) = 6*l(b) + 13*v(b). List the prime factors of n(10).
2, 3, 5
Suppose -134 = -6*z + 5*z. Let g = z + -26. Let d = g + -55. List the prime factors of d.
53
Suppose 8 + 24 = -2*k. Let y = 38 - k. List the prime factors of y/3*4/6.
2, 3
Let d = 460 - -2281. List the prime factors of d.
2741
Let c(i) = i**2 - 4*i - 12. Let h be 224/35 - (-2)/(-5). Let f be c(h). Suppose f = -3*x + 72 + 108. List the prime factors of x.
2, 3, 5
Suppose -2 = u + 10. List the prime factors of u/(-21) - (-472)/7.
2, 17
Let x be ((-8)/(-4)*-2)/((-8)/260). Let t = -56 + x. What are the prime factors of t?
2, 37
Let m(i) = i. Let b be m(5). Suppose -v + b*n + 3 = -2, -3*v + 69 = 3*n. List the prime factors of v.
2, 5
Suppose -5*x - 2 - 8 = 0. Let n be (-13)/x + (-6)/4. Suppose o - 37 = 2*p - 11, -95 = -n*o + 3*p. List the prime factors of o.
2
Let l(c) = 743*c**2 - 5*c + 6. Let n be l(1). Suppose 4*h - 985 = 3*p, -2*h - 3*p = h - n. What are the prime factors of h?
13, 19
Let z(a) = 2*a - 1. Let j be z(2). Suppose p = j*p. Suppose -2*v + p*v = -38. List the prime factors of v.
19
Let w = 132 - -88. What are the prime factors of w?
2, 5, 11
Let h(t) = -67*t + 25. What are the prime factors of h(-6)?
7, 61
Suppose -5*j = -3*j - 2100. Suppose -3*q = 3*k - j, -q + 984 = 3*k - 66. What are the prime factors of k/15*6/4?
5, 7
Let w(y) = 16*y + 26. List the prime factors of w(14).
2, 5
Let p = 3723 + -1085. What are the prime factors of p?
2, 1319
Suppose 4*t - 2726 = -2*w, 3*t + t - 2761 = 5*w. What are the prime factors of t?
2, 3, 19
Let o(b) = 25*b + 3. Let k(q) = -12*q - 2. Let y(h) = 5*k(h) + 3*o(h). List the prime factors of y(2).
29
Let m be (1 - 0)*-2*-4. Let t = 253 + -253. What are the prime factors of t*4/m + 8?
2
Suppose -3*b = 247 - 319. What are the prime factors of b?
2, 3
Suppose 47*w = -0*w + 3478. List the prime factors of w.
2, 37
Let y = -635 - -992. List the prime factors of y.
3, 7, 17
Let o(w) = 45*w**2 + 14*w - 39. List the prime factors of o(4).
11, 67
What are the prime factors of (-5)/((-4)/(-14) - 318/966)?
5, 23
Suppose 3*s + 6 = -o, 4*o + 2*s + s - 12 = 0. Let t(y) = -3*y - 5. Let z(r) = -r - 2. Let m(w) = t(w) - 4*z(w). List the prime factors of m(o).
3
Suppose 74 = -3*m - 37. Let u = 88 + m. What are the prime factors of u?
3, 17
Let h be 14/4*-2 + 3. Let s be 568/12 - h/6. Suppose -4*p = -60 - s. List the prime factors of p.
3
Let k be (-33)/22 - 34/4. Let z = 54 - k. What are the prime factors of z?
2
Suppose -40*q + 61703 = -49497. What are the prime factors of q?
2, 5, 139
Suppose 3642 = 2*y - 22. Suppose 14*l = 22*l - y. What are the prime factors of l?
229
Let w(x) = x**3 + 3*x**2 - 6*x + 7. Let b be w(-5). Let j = b - -13. Suppose -3*s + j*s + 64 = 5*d, -2*s = 4*d - 46. What are the prime factors of s?
13
Let d(r) = r**3 + r**2 - r - 1. Let w be d(-3). Let l be w/(-24) - (-91)/3. Let t = l + -15. List the prime factors of t.
2
Suppose -5*s + 31142 = -2*h, -15*s + 10*s = -3*h - 31138. List the